3 (base 11) to base 9
-3
40 (base 16) to base 2
1000000
Convert -129 (base 11) to base 9.
-178
Convert 6 (base 11) to base 10.
6
-5 (base 12) to base 14
-5
What is 1 (base 15) in base 13?
1
Convert -1b4 (base 15) to base 12.
-28a
What is 101 (base 3) in base 9?
11
What is 1 (base 4) in base 2?
1
What is -79 (base 10) in base 3?
-2221
Convert 1 (base 3) to base 15.
1
Convert -5 (base 13) to base 15.
-5
What is 16 (base 9) in base 10?
15
-275 (base 9) to base 8
-346
Convert -144 (base 8) to base 9.
-121
-6 (base 12) to base 11
-6
1331 (base 4) to base 2
1111101
What is -34 (base 11) in base 12?
-31
What is 1001000 (base 2) in base 13?
57
What is 13 (base 6) in base 3?
100
92 (base 14) to base 8
200
Convert -2 (base 4) to base 6.
-2
What is -5 (base 14) in base 12?
-5
What is -37 (base 12) in base 2?
-101011
Convert -8 (base 13) to base 7.
-11
What is -15 (base 12) in base 11?
-16
What is -37 (base 16) in base 8?
-67
Convert -1201 (base 3) to base 7.
-64
14 (base 11) to base 13
12
Convert 3 (base 11) to base 5.
3
-a1 (base 12) to base 3
-11111
-70 (base 14) to base 8
-142
What is -74 (base 10) in base 3?
-2202
-1100 (base 3) to base 7
-51
Convert -8 (base 11) to base 9.
-8
What is -54 (base 10) in base 15?
-39
Convert -1001 (base 2) to base 4.
-21
What is 165 (base 7) in base 2?
1100000
Convert -12 (base 12) to base 2.
-1110
13 (base 7) to base 9
11
1202 (base 3) to base 8
57
42 (base 6) to base 2
11010
3 (base 16) to base 6
3
Convert -4 (base 16) to base 7.
-4
Convert 11001 (base 3) to base 9.
131
-22021 (base 3) to base 16
-df
-3 (base 12) to base 13
-3
Convert 5 (base 8) to base 10.
5
What is -111 (base 6) in base 12?
-37
-30 (base 16) to base 6
-120
Convert -20 (base 9) to base 11.
-17
What is 113 (base 4) in base 8?
27
What is -a2 (base 15) in base 2?
-10011000
Convert 4 (base 13) to base 5.
4
Convert 1 (base 3) to base 15.
1
What is -31 (base 8) in base 9?
-27
Convert 1 (base 15) to base 10.
1
1 (base 7) to base 5
1
Convert 5 (base 10) to base 11.
5
7a (base 15) to base 9
137
2 (base 7) to base 14
2
-1 (base 7) to base 10
-1
1110101 (base 2) to base 12
99
What is -4 (base 7) in base 15?
-4
Convert e5 (base 16) to base 8.
345
0 (base 10) to base 5
0
Convert -a (base 13) to base 7.
-13
Convert 2 (base 11) to base 10.
2
Convert -47 (base 14) to base 3.
-2100
-202 (base 4) to base 6
-54
Convert -a (base 15) to base 7.
-13
8 (base 15) to base 6
12
What is 2 (base 8) in base 7?
2
-10 (base 4) to base 2
-100
What is 34 (base 12) in base 2?
101000
What is 1 (base 7) in base 5?
1
Convert -72 (base 9) to base 5.
-230
196 (base 10) to base 9
237
Convert -10001 (base 2) to base 14.
-13
Convert -11 (base 3) to base 11.
-4
Convert 15 (base 10) to base 16.
f
1000001 (base 2) to base 13
50
What is -12 (base 13) in base 11?
-14
Convert 25 (base 10) to base 9.
27
11 (base 2) to base 15
3
Convert 11101 (base 2) to base 4.
131
What is 3 (base 7) in base 8?
3
What is 111 (base 2) in base 13?
7
Convert 101 (base 2) to base 4.
11
-25 (base 8) to base 16
-15
52 (base 14) to base 11
66
-a (base 16) to base 14
-a
What is 2 (base 12) in base 11?
2
What is 1001111 (base 2) in base 9?
87
-12 (base 13) to base 12
-13
-48 (base 11) to base 12
-44
Convert 12 (base 5) to base 2.
111
113 (base 9) to base 2
1011101
Convert -21 (base 11) to base 2.
-10111
66 (base 8) to base 16
36
What is 23 (base 14) in base 2?
11111
What is 1000000 (base 2) in base 5?
224
Convert 17 (base 14) to base 12.
19
Convert -64 (base 9) to base 11.
-53
11 (base 5) to base 4
12
Convert -3 (base 6) to base 16.
-3
Convert 10 (base 9) to base 3.
100
Convert 0 (base 2) to base 7.
0
What is 8 (base 12) in base 16?
8
Convert 2 (base 13) to base 3.
2
What is -25 (base 9) in base 16?
-17
Convert 100112 (base 3) to base 14.
145
-4b (base 14) to base 13
-52
What is 330 (base 4) in base 14?
44
Convert 113 (base 4) to base 12.
1b
Convert 50 (base 9) to base 15.
30
What is 1 (base 14) in base 6?
1
What is 1 (base 5) in base 3?
1
Convert -11 (base 7) to base 6.
-12
2 (base 3) to base 7
2
Convert 11101001 (base 2) to base 7.
452
What is 37 (base 12) in base 5?
133
What is 3 (base 9) in base 3?
10
-10 (base 2) to base 15
-2
What is -1 (base 12) in base 9?
-1
0 (base 12) to base 8
0
Convert 10 (base 4) to base 3.
11
What is 11 (base 2) in base 6?
3
What is -146 (base 12) in base 9?
-240
2100 (base 3) to base 14
47
What is 3 (base 14) in base 5?
3
What is -1111 (base 5) in base 13?
-c0
Convert -8 (base 11) to base 6.
-12
Convert 11 (base 3) to base 4.
10
-7 (base 14) to base 8
-7
What is 12 (base 7) in base 9?
10
Convert 6 (base 8) to base 3.
20
Convert -300 (base 4) to base 8.
-60
What is 100 (base 3) in base 5?
14
What is -53 (base 10) in base 13?
-41
-76 (base 12) to base 10
-90
Convert 3 (base 9) to base 16.
3
Convert -11 (base 13) to base 7.
-20
2010 (base 3) to base 6
133
-3 (base 15) to base 10
-3
2 (base 13) to base 11
2
-3 (base 11) to base 8
-3
What is -3 (base 7) in base 6?
-3
Convert -1221 (base 3) to base 15.
-37
What is -1100111 (base 2) in base 10?
-103
1 (base 12) to base 4
1
What is 6 (base 12) in base 13?
6
Convert 448 (base 9) to base 8.
560
21 (base 13) to base 15
1c
Convert -5 (base 7) to base 10.
-5
Convert 24 (base 11) to base 13.
20
0 (base 2) to base 5
0
What is 11 (base 2) in base 10?
3
1 (base 7) to base 9
1
What is 3 (base 15) in base 8?
3
0 (base 6) to base 16
0
-16 (base 15) to base 2
-10101
What is 0 (base 9) in base 8?
0
What is -f (base 16) in base 11?
-14
6 (base 15) to base 6
10
9 (base 11) to base 3
100
What is 201 (base 3) in base 9?
21
What is 4 (base 12) in base 15?
4
-110 (base 4) to base 11
-19
Convert a0 (base 15) to base 6.
410
What is -1413 (base 6) in base 2?
-101110001
-6 (base 16) to base 10
-6
Convert -3 (base 9) to base 6.
-3
Convert -50 (base 7) to base 8.
-43
Convert -44 (base 5) to base 16.
-18
What is 1e (base 15) in base 4?
131
Convert 22 (base 3) to base 4.
20
1 (base 4) to base 12
1
What is -17 (base 10) in base 5?
-32
What is 36 (base 13) in base 8?
55
-101001 (base 2) to base 13
-32
Convert 134 (base 14) to base 12.
182
8 (base 12) to base 9
8
11010 (base 2) to base 8
32
What is 53 (base 12) in base 16?
3f
What is 170 (base 11) in base 12?
146
0 (base 7) to base 10
0
What is 1101011 (base 2) in base 15?
72
What is 7 (base 9) in base 14?
7
What is -30 (base 4) in base 7?
-15
Convert 45 (base 7) to base 11.
30
Convert -3 (base 13) to base 14.
-3
3 (base 8) to base 10
3
Convert -222 (base 5) to base 6.
-142
What is -4 (base 5) in base 11?
-4
Convert -5 (base 12) to base 7.
-5
-1 (base 16) to base 15
-1
What is 1 (base 16) in base 11?
1
What is 1 (base 7) in base 14?
1
Convert 2 (base 4) to base 14.
2
What is -11 (base 5) in base 15?
-6
What is 55 (base 7) in base 8?
50
Convert 102 (base 6) to base 2.
100110
What is 1 (base 13) in base 2?
1
13 (base 14) to base 9
18
What is -2 (base 8) in base 16?
-2
What is 31 (base 11) in base 5?
114
Convert -1 (base 8) to base 2.
-1
-5 (base 11) to base 3
-12
1314 (base 5) to base 9
252
Convert -10 (base 11) to base 15.
-b
1 (base 10) to base 12
1
What is 14 (base 15) in base 5?
34
6 (base 11) to base 3
20
Convert -42 (base 9) to base 5.
-123
Convert -22 (base 15) to base 16.
-20
-16 (base 13) to base 2
-10011
Convert 3 (base 15) to base 10.
3
-2 (base 16) to base 7
-2
1 (base 10) to base 4
1
Convert 0 (base 15) to base 8.
0
What is -2 (base 16) in base 13?
-2
Convert -1 (base 14) to base 6.
-1
What is -4 (base 5) in base 3?
-11
Convert 5 (base 9) to base 4.
11
Convert 52 (base 15) to base 14.
57
Convert 5 (base 16) to base 7.
5
Convert -5 (base 11) to base 7.
-5
What is 1 (base 11) in base 16?
1
Convert 4 (base 7) to base 15.
4
Convert -12 (base 14) to base 15.
-11
Convert -2 (base 15) to base 8.
-2
Convert -3 (base 10) to base 4.
-3
Convert -16 (base 9) to base 14.
-11
What is 18 (base 13) in base 12?
19
What is 6b (base 15) in base 6?
245
Convert -3 (base 5) to base 16.
-3
What is -33 (base 4) in base 7?
-21
What is 1 (base 7) in base 13?
1
-6 (base 8) to base 2
-110
-100 (base 2) to base 16
-4
Convert 11 (base 2) to base 13.
3
-46 (base 7) to base 10
-34
Convert -103 (base 4) to base 13.
-16
-11 (base 2) to base 14
-3
Convert -122 (base 10) to base 5.
-442
-c (base 14) to base 12
-10
What is -161 (base 7) in base 5?
-33